of 1 and k?
1
Let l(p) = -p**2 - 7*p + 7. Let a be l(-6). Calculate the greatest common divisor of 39 and a.
13
Let h = -29 - -39. Calculate the greatest common divisor of h and 80.
10
Let u be ((-10)/6 - -1)*-96. Let w be u/28 + (-2)/7. Suppose -5*s + w = -8, -2*s - 28 = -4*l. Calculate the highest common divisor of 8 and l.
8
Let b be (-610)/(-75) - 2/15. Calculate the greatest common divisor of 80 and b.
8
Suppose 142 - 30 = 7*s. What is the greatest common factor of 16 and s?
16
Suppose 2*n + 0*m = m + 2, 2*m + 4 = n. Suppose 2*b + 3*b + 5*o - 60 = n, -5*o = -10. Calculate the highest common divisor of 10 and b.
10
Suppose -4*l + 18 - 78 = -4*x, -2*x = 5*l - 2. Calculate the greatest common divisor of 77 and x.
11
Suppose 3*w + 5 = 4*w. Suppose 3*v = k - 100, -w*k - 4*v - 181 = -624. Calculate the greatest common factor of 13 and k.
13
Let j be (-20)/30 - 2/3*-61. Let q = 6 + -2. What is the highest common factor of q and j?
4
Let j(a) = -3*a + 2. Let b be 2/(-6) - (-5)/(-3). Let o be j(b). Calculate the greatest common factor of o and 1.
1
Suppose 8 = -4*i - 4*q - 0, -i + 2*q = 11. Let w = i + 7. What is the highest common factor of w and 14?
2
Let g(n) = 2*n**2 + 3*n + 10. Let x be g(0). Suppose -y - 79 = 4*c - 522, -104 = -c + 2*y. What is the highest common factor of c and x?
10
Let s(v) be the third derivative of v**4/6 - 3*v**2. Let l be s(6). Suppose 3*u - l = u. Calculate the highest common divisor of u and 60.
12
Let q(i) = i - 2. Let n be q(-4). Let u be n/(-14) + (-333)/(-7). Calculate the greatest common divisor of u and 6.
6
Let y(s) = s**3 - 8*s**2 + 7. Let l be y(8). What is the highest common factor of 77 and l?
7
Let f be 22 - 9/(36/8). Calculate the highest common factor of 140 and f.
20
Suppose 0 = -4*n - n + 10. Suppose -n*j - j + 144 = 0. Calculate the highest common divisor of j and 12.
12
Let u(c) = -c**3 + 2*c**2 + c + 6. Let g be u(-4). What is the greatest common factor of g and 14?
14
Suppose -4 = -r + 2*y, -2*y + 3 + 3 = 4*r. Let f = 2 + r. Let m be (-95)/(-10) - 2/f. What is the greatest common divisor of 9 and m?
9
Suppose -3*m + 12 = -a, 6*a - 4*a - 2*m = -8. Suppose -4 = -i - a*i. Let r(g) = -g + 9. Let n be r(i). What is the greatest common divisor of 5 and n?
5
Let n(w) = -8*w - 8. Let p be n(-4). Suppose -48 = -2*y - 16. What is the highest common factor of y and p?
8
Let z(l) = 3*l - 9. Let k be z(6). What is the greatest common factor of k and 6?
3
Suppose 3*d - 27 = 12. Suppose 517 = 5*g - 123. Let t = g + -63. Calculate the greatest common divisor of d and t.
13
Suppose -4*w = x - 58, 37 + 1 = x - w. Suppose 3*f - 84 = -0*f. What is the greatest common divisor of f and x?
14
Let y be (-1 - -9) + -1 + 2. What is the greatest common factor of y and 36?
9
Let c(z) = z**2 + 5*z - 2. Let n be c(-6). Let i be 16 + -4 + 2 + 2. What is the greatest common factor of i and n?
4
Let n = 0 - -8. Let s = n - 8. Suppose -3*f + s*r + 111 = -3*r, -3*f + 106 = -4*r. What is the highest common divisor of 14 and f?
14
Let f = 25 + -10. Let h = f - 3. Suppose o - 21 = -0*o + j, -87 = -3*o - 5*j. Calculate the greatest common divisor of o and h.
12
Let x be 142 + (0 - 0 - -2). What is the greatest common factor of 16 and x?
16
Suppose w + 24 = 5*b, 34 = -2*w - 2*b - 2*b. Let d = w + 30. Suppose 2*k - 179 = -3*m, -5*m + 107 = k + 14. Calculate the greatest common factor of k and d.
11
Suppose -2*v + 3*y + 25 = 3*v, -4*y = -v - 12. Let o = 0 + 4. What is the greatest common divisor of o and v?
4
Let t = 80 + -38. Suppose -2*a - t - 44 = -5*k, -5*a - 62 = -4*k. Let n be (-2)/(-4) - 178/(-4). Calculate the highest common factor of n and k.
9
Suppose -l - 7 = -0*l + 3*a, 5*a = l + 7. Let h be l/2 - 2/(-4). Let y = h + 23. Calculate the greatest common divisor of 40 and y.
20
Suppose 0 = 3*b - b - 102. What is the greatest common factor of b and 17?
17
Let p = -259 + 274. Let q be ((-20)/6)/((-2)/9). Calculate the highest common factor of p and q.
15
Let r = -348 + 580. What is the highest common divisor of 29 and r?
29
Let i be 264/16*(-12)/(-9). What is the highest common factor of 55 and i?
11
Let i(x) = -3*x + 4. Let t be i(-6). Suppose -g - j + 18 = -6*j, -2*g + 3*j = -t. Calculate the highest common factor of g and 72.
8
Let x = 117 - 13. Let z be 21/(-14)*18/(-3). Let v be ((-78)/z)/(6/(-9)). Calculate the greatest common factor of v and x.
13
Let o be 578/14 - 2/7. Suppose -3*h - h = l - 161, o = h + l. What is the greatest common factor of 8 and h?
8
Suppose -4*g + 272 = -560. Suppose -f - 121 = -6*f - 3*x, 32 = f - 2*x. What is the highest common divisor of f and g?
26
Let v be (3/6 + 0)*-4. Let c be 11/2 - 1/v. Suppose -c*p = -2*p - 80. Calculate the greatest common factor of p and 40.
20
Let k = 121 - 109. Calculate the highest common divisor of k and 96.
12
Let u(k) = -k**3 - 4*k**2 - 2*k + 2. Let g be 4*(1/4 + -1). Let v = -1 + g. Let y be u(v). What is the highest common divisor of 80 and y?
10
Let j(u) = -17*u + 1. Let k be j(-1). Suppose -q = p, 0*p = 2*q - 4*p - 12. Calculate the greatest common divisor of k and q.
2
Let u = -21 + 29. Suppose 0 = 2*d - 10 - u. Calculate the greatest common divisor of 18 and d.
9
Let r(b) = -b**3 - 5*b**2 - 2*b. Let n be r(-5). Let k be (21 + -22)/((-2)/20). What is the greatest common divisor of n and k?
10
Suppose 3*s - j = j + 19, 26 = 4*s - 3*j. Let n(o) = -o. Let q be n(3). Let b be (-53 - (-6)/q)*-1. What is the highest common factor of b and s?
5
Let d be 0 + (-5)/((-5)/2). Suppose 185 = d*s + 3*s. Suppose 3*z = 4*p - 144, z + 206 = 5*p + s. What is the greatest common factor of 11 and p?
11
Let i = 215 - 140. What is the greatest common divisor of 45 and i?
15
Suppose -2*k + 1 = -5*z, 4*z + 7 + 13 = 4*k. Calculate the greatest common factor of 8 and k.
8
Suppose 0 = 3*u - f - 298, -u - f = f - 97. Let w = u - 53. Suppose 451 = 5*s + w. What is the highest common divisor of s and 9?
9
Let p be 1096/(-10) - ((-27)/(-15))/(-3). Suppose 2*l + 0*a = -2*a - 360, 5*l = 4*a - 909. Let w = p - l. What is the highest common divisor of 9 and w?
9
Let s(v) = -v**3 + 6*v**2 + 2*v - 9. Let h be s(6). What is the highest common factor of h and 3?
3
Suppose -3*s + 63 = -4*y + y, 2*y = 2. Calculate the greatest common divisor of 2 and s.
2
Suppose -5 = 4*z - 25. Let t be (-12)/(-20) - (-12)/z. Let a be 5/2 - (-3)/6. Calculate the greatest common divisor of t and a.
3
Suppose 8 = p + 2*h - 6, 2*h + 10 = p. Let k = 10 - 1. Suppose 3 = n - k. Calculate the highest common factor of n and p.
12
Let s be 1/(-4) + (-285)/(-20) + 6. What is the highest common factor of s and 80?
20
Suppose -5*b + 246 = -2*a, a + 207 = 4*b - 4*a. What is the greatest common divisor of 12 and b?
12
Suppose -10*x = -18*x + 264. Calculate the highest common factor of x and 99.
33
Let f be (1 - 1 - -12) + -2. Let q be (-4)/f + 184/10. Let a(p) = -6*p - 3. Let w be a(-5). What is the greatest common divisor of q and w?
9
Let t be (-1)/(-3)*(-3 - -6 - 0). Calculate the highest common factor of t and 22.
1
Suppose 5*z = -4*u + 108 + 386, -3*z - 5*u + 299 = 0. Calculate the highest common factor of z and 14.
14
Let g = 57 + -41. Suppose -5*x = -29 - g. Let j be 3/2 - 1/2. Calculate the highest common divisor of j and x.
1
Let y = 496 - 280. Calculate the greatest common factor of y and 27.
27
Suppose -5*y = -y - 924. Let s(m) = -m**2 + 9*m + 13. Let u be s(8). Calculate the highest common divisor of u and y.
21
Suppose 3*m + 260 = 7*m. Calculate the greatest common divisor of 13 and m.
13
Let n be 24/5*(-20)/(-3). Let o = n - 19. Suppose -5*u = -c - 714, -2*u - 2*c = -u - 145. What is the highest common factor of o and u?
13
Let z(u) = -4*u - 3. Let b be z(-2). Suppose 4*s - 5*m + m - 108 = 0, 2*m = b*s - 144. Calculate the greatest common factor of s and 75.
15
Suppose 2*f - 3*k - 67 = 0, 0 = 2*f - 2*k - 50 - 20. What is the greatest common divisor of 95 and f?
19
Suppose 4*g - 45 = -g. Calculate the greatest common factor of 9 and g.
9
Let l(h) = h**2 - 5*h. Let w be l(-5). Let y = 2 + -3. Let q be (0 - w)/y - 2. What is the greatest common factor of q and 8?
8
Let s be ((-2)/(-6))/((-5)/30). Let x(r) = r**2 + 2*r + 1. Let n be x(s). Calculate the greatest common factor of n and 8.
1
Suppose n + 20 = -4*n. Let r 